e
Is 1291039 prime?
False
Is 764303 a prime number?
False
Is 14669 prime?
True
Is 359389 prime?
True
Is 1017817 a composite number?
False
Is 13154 composite?
True
Is 97771 prime?
True
Is 105667 a prime number?
True
Is 142151 a prime number?
True
Is 496033 a prime number?
False
Is 242591 prime?
True
Is 1087 prime?
True
Is 23869 prime?
True
Is 4063 a composite number?
True
Is 201 a composite number?
True
Is 2459 prime?
True
Is 119723 composite?
False
Is 953 a prime number?
True
Is 16279 a composite number?
True
Is 16751 composite?
True
Is 3106297 prime?
True
Is 1300523 composite?
True
Is 8813 a prime number?
False
Is 2453 a composite number?
True
Is 30991 a composite number?
True
Is 76553 a composite number?
True
Is 2317 a composite number?
True
Is 170013 prime?
False
Is 5381 prime?
True
Is 12143 a prime number?
True
Is 20599 a prime number?
True
Is 749 prime?
False
Is 20563 composite?
False
Is 2787 a composite number?
True
Is 16837 a prime number?
False
Is 1441 a composite number?
True
Is 21703 composite?
True
Is 977591 a prime number?
True
Is 136517 a composite number?
True
Is 12205 a composite number?
True
Is 2122 composite?
True
Is 210209 a prime number?
True
Is 41281 composite?
False
Is 14513 prime?
False
Is 295187 a prime number?
True
Is 292909 prime?
True
Is 50459 composite?
False
Is 3613 prime?
True
Is 447065 prime?
False
Is 249881 a prime number?
True
Is 381014 a prime number?
False
Is 43039 a composite number?
True
Is 7411 prime?
True
Is 8999 a prime number?
True
Is 425933 prime?
False
Is 11989 a prime number?
False
Is 18637 a composite number?
False
Is 149509 a composite number?
True
Is 121279 a prime number?
False
Is 2047 prime?
False
Is 2633 a prime number?
True
Is 41443 composite?
False
Is 18301 composite?
False
Is 1901 composite?
False
Is 80479 a composite number?
True
Is 18947 a prime number?
True
Is 11283 composite?
True
Is 42737 prime?
True
Is 2271 a prime number?
False
Is 379 composite?
False
Is 6073 a composite number?
False
Is 27443 prime?
False
Is 73669 a prime number?
False
Is 21767 a prime number?
True
Is 4417 a composite number?
True
Is 6067 composite?
False
Is 155717 a prime number?
True
Is 3341221 prime?
False
Is 7661 composite?
True
Is 5669 composite?
False
Is 1011 composite?
True
Is 574903 prime?
False
Is 93581 composite?
False
Is 5981 a prime number?
True
Is 51109 a composite number?
False
Is 29843 a prime number?
False
Is 11587 prime?
True
Is 227849 composite?
False
Is 155627 a composite number?
False
Is 1395617 a prime number?
False
Is 1337 prime?
False
Is 2122451 a composite number?
False
Is 509 composite?
False
Is 673 composite?
False
Is 82067 composite?
False
Is 237727 a prime number?
False
Is 128813 a prime number?
True
Is 50361 a prime number?
False
Is 14957 a prime number?
True
Is 17233 a composite number?
True
Is 320357 composite?
True
Is 23857 a composite number?
False
Is 3109829 a prime number?
True
Is 267 a composite number?
True
Is 6689 a composite number?
False
Is 821 prime?
True
Is 17419 composite?
False
Is 82361 composite?
False
Is 5219 composite?
True
Is 128873 a prime number?
True
Is 50909 composite?
False
Is 10417 composite?
True
Is 6637 composite?
False
Is 27323 prime?
False
Is 314822 a prime number?
False
Is 17411 a prime number?
False
Is 84907 composite?
True
Is 11541 a composite number?
True
Is 1693 prime?
True
Is 1920701 a composite number?
False
Is 9518 prime?
False
Is 1969 a composite number?
True
Is 214043 composite?
False
Is 469301 a composite number?
True
Is 1103 a prime number?
True
Is 10427 composite?
False
Is 199 composite?
False
Is 5129 a composite number?
True
Is 215563 prime?
True
Is 4633 a composite number?
True
Is 51749 a composite number?
False
Is 3967 a composite number?
False
Is 10063 a prime number?
False
Is 3414733 prime?
False
Is 37067 a composite number?
True
Is 861215 prime?
False
Is 2018021 a composite number?
False
Is 13499 composite?
False
Is 51109 composite?
False
Is 20627 a composite number?
False
Is 85747 a prime number?
False
Is 9803 a composite number?
False
Is 1847 composite?
False
Is 453869 a prime number?
False
Is 90995 a prime number?
False
Is 101641 prime?
True
Is 242309 composite?
False
Is 87623 a composite number?
False
Is 72322 prime?
False
Is 224689 a composite number?
True
Is 5039 prime?
True
Is 595373 a prime number?
True
Is 34807 prime?
True
Is 126287 prime?
False
Is 8367 a prime number?
False
Is 85931 composite?
False
Is 42421 composite?
True
Is 127159 composite?
True
Is 17167 composite?
False
Is 159 prime?
False
Is 18607 a composite number?
True
Is 363631 a prime number?
False
Is 2811 prime?
False
Is 48449 prime?
True
Is 19853 a composite number?
False
Is 1740385 prime?
False
Is 10007 composite?
False
Is 36353 prime?
True
Is 90587 a prime number?
False
Is 9617 a prime number?
False
Is 115174 composite?
True
Is 286511 a prime number?
False
Is 738371 prime?
False
Is 7131 a prime number?
False
Is 8363 a composite number?
False
Is 194647 composite?
False
Is 266333 a prime number?
True
Is 26083 composite?
False
Is 2427797 composite?
False
Is 922835 a composite number?
True
Is 11239 a prime number?
True
Is 595011 a prime number?
False
Is 150269 a prime number?
False
Is 2075323 a composite number?
False
Is 901 prime?
False
Is 10903 a composite number?
False
Is 69313 a prime number?
True
Is 31454 composite?
True
Is 31387 composite?
False
Is 40387 composite?
False
Is 1141829 a composite number?
True
Is 13309 prime?
True
Is 290561 a composite number?
True
Is 7817 prime?
True
Is 2237 composite?
False
Is 90347 composite?
True
Is 122002 a composite number?
True
Is 1411 composite?
True
Is 711629 composite?
False
Is 567029 a prime number?
False
Is 520241 a prime number?
True
Is 106969 a composite number?
True
Is 840083 a composite number?
False
Is 102367 a composite number?
False
Is 73813 a prime number?
False
Is 31667 prime?
True
Is 79817 prime?
True
Is 256531 prime?
False
Is 69143 a prime number?
True
Is 3299 a prime number?
True
Is 17159 a prime number?
True
Is 2785 a composite number?
True
Is 60289 a composite number?
False
Is 7153 prime?
False
Is 4791 a composite number?
True
Is 192373 a composite number?
False
Is 12637 a prime number?
True
Is 17159 prime?
True
Is 3419 a prime number?
False
Is 477223 composite?
True
Is 1011063 composite?
True
Is 302695 a prime number?
False
Is 2963 a composite number?
False
Is 2033 a composite number?
True
Is 46337 prime?
True
Is 626363 a prime number?
True
Is 94513 a composite number?
False
Is 107447 composite?
True
Is 18587 prime?
True
Is 587 a prime number?
True
Is 3163 a prime number?
True
Is 3683 a prime number?
False
Is 5766357 composite?
True
Is 34703 prime?
True
Is 286003 prime?
False
Is 25273 a prime number?
False
Is 77991 composite?
True
Is 4831 prime?
True
Is 1666349 a composite number?
True
Is 123667 prime?
True
Is 161617 a prime number?
False
Is 271191 composite?
True
Is 7853 composite?
False
Is 78929 prime?
True
Is 742423 prime?
False
Is 72133 a prime number?
False
Is 27733 a composite number?
False
Is 319745 composite?
True
Is 342449 composite?
False
Is 29779 a composite number?
True
Is 12293 a composite number?
True
Is 368889 a composite number?
True
Is 95461 a prime number?
True
Is 194141 a prime number?
True
Is 22813 a prime number?
False
Is 1345993 a prime number?
False
Is 156577 prime?
True
Is 13169 prime?
False
Is 281873 prime?
False
Is 23399 a prime number?
True
Is 6043 a prime number?
True
Is 30985 a composite number?
True
Is 19643 prime?
False
Is 336305 prime?
False
Is 791617 a composite number?
True
Is 675069 a prime number?
False
Is 75211 a composite number?
False
Is 15227 prime?
True
Is 2333 prime?
True
Is 1361 prime?
True
Is 253171 prime?
False
Is 45943 prime?
True
Is 689811 a composite number?
True
Is 13323 a composite number?
True
Is 594593 composite?
True
Is 11829 a composite number?
True
Is 17231 composite?
False
Is 1657 composite?
False
Is 24943 a composite number?
False
Is 128969 prime?
True
Is 43753 prime?
True
Is 188753 prime?
True
Is 274579 a composite number?
False
Is 91229 a prime number?
True
Is 5557 prime?
True
Is 401 composite?
False
Is 73121 composite?
False
Is 10929 a composite number?
True
Is 851633 prime?
True
Is 3601 composite?
True
Is 205199 prime?
False
Is 1169737 prime?
Fa